+ 3*w**2 - w + 2. What is t(-3)?
5
Let g(y) = -21*y**2 + y + 2. Determine g(1).
-18
Let g(j) = j**2 + 15*j + 31. What is g(-13)?
5
Let i(m) = -2*m**3 - 6*m**2 + 4*m - 4. What is i(-4)?
12
Let t(c) = 3*c + 24. Give t(-9).
-3
Let w(j) = -j**2 + 1. What is w(5)?
-24
Let w(n) = 62*n**3 + n**2 + n - 2. Give w(1).
62
Let s(x) = -7*x + 1. Determine s(4).
-27
Let s(d) = -d**2 - 4*d + 6. Give s(2).
-6
Let x(w) = -w**3 + 10*w**2 - 19*w + 7. Calculate x(8).
-17
Let r(h) = -h**2 - h + 2. Give r(2).
-4
Let c(w) = 4*w**2 - 51*w - 14. Calculate c(13).
-1
Let v(a) = 49*a**3 - 2*a + 1. What is v(1)?
48
Let i(k) = k**2 + 8*k - 5. Determine i(-9).
4
Let n(j) = -2*j**3 + 17*j**2 + 14*j - 20. Calculate n(9).
25
Let h(k) = -5*k**2 + 8*k - 9. Give h(1).
-6
Let s(j) = 3*j + 6. Calculate s(-6).
-12
Let p(a) = a**2 - a + 6. Calculate p(-3).
18
Let s(z) = z**2 - 66. Give s(-10).
34
Let a(z) = 8*z + 9. Determine a(-5).
-31
Let t(c) = -6*c + 98. Give t(19).
-16
Let m(s) = 6*s**3 + 3*s**2 - 3*s + 1. Calculate m(1).
7
Let t(a) = -4*a**2 - 91*a + 17. Give t(-23).
-6
Let k(y) = -y**2 - 32*y - 112. Give k(-28).
0
Let c(m) = 3*m + 6. Give c(8).
30
Let r(p) = -p**3 + 10*p**2 - 8*p. Give r(8).
64
Let b(f) = -f**3 - 13*f**2 + 17*f + 37. Give b(-14).
-5
Let r(n) = -n**2 - 5*n + 6. What is r(-8)?
-18
Let a(o) = -o**2 - 7*o - 11. Give a(-8).
-19
Let i(o) = 3*o - 25. What is i(4)?
-13
Let p(x) = x**2 - 16*x + 20. What is p(14)?
-8
Let d(v) = -v**2 - 49*v - 315. Determine d(-8).
13
Let y(u) = -u**2 + 7*u + 3. Give y(4).
15
Let t(u) = -u**3 - 8*u**2 + 18*u - 2. Calculate t(-10).
18
Let b(j) = j**2 + 2*j. Give b(1).
3
Let u(p) = -2*p**2 - p. Determine u(4).
-36
Let f(v) = v**3 + v**2 + 2*v + 3. What is f(-2)?
-5
Let j(o) = o**2 + 20*o + 8. Determine j(-21).
29
Let h(q) = q**3 - q**2 - 4*q + 3. Calculate h(4).
35
Let n(x) = -x**2 - 3*x - 2. Calculate n(-6).
-20
Let x(k) = 2*k + 50. Give x(12).
74
Let i(v) = -3*v + 21. Determine i(9).
-6
Let q(s) = -s**2 - 14*s - 5. What is q(-13)?
8
Let x(v) = -v**3 - 10*v**2 - 33*v - 54. Determine x(-6).
0
Let a(t) = t**3 + 50*t**2 - t - 49. Calculate a(-50).
1
Let x(s) = -s**3 + s**2 + 4*s - 3. Calculate x(3).
-9
Let k(x) = -27*x. What is k(1)?
-27
Let m(a) = -24*a + 7. What is m(0)?
7
Let i(s) = -s - 4. What is i(-9)?
5
Let o(z) = 12*z + 9. Determine o(-1).
-3
Let q(u) = -6*u**2 + 20*u + 7. Calculate q(5).
-43
Let w(t) = t**3 - 3*t**2 - 11*t + 30. Calculate w(4).
2
Let u(q) = -q**3 - q**2 - q. Give u(-2).
6
Let o(i) = -4*i - 10. Determine o(26).
-114
Let m(s) = -s**2 + 15*s + 32. Calculate m(15).
32
Let k(v) = -2*v**3 + 3*v**2 + 8*v - 44. Calculate k(4).
-92
Let i(f) = -2*f**2 - 21*f - 29. Determine i(-14).
-127
Let l(k) = -k**2 + 18*k + 9. Calculate l(18).
9
Let u(a) = -a**2 + 2*a + 5. Calculate u(3).
2
Let l(y) = y**3 + 9*y**2 - 2*y - 6. Calculate l(-8).
74
Let n(c) = -c**2 - 6*c + 7. What is n(-7)?
0
Let r(b) = -b**3 - 11*b**2 + 14*b + 22. Give r(-12).
-2
Let p(f) = f**2 + 7*f + 9. Give p(-4).
-3
Let w(s) = -s**3 + 14*s**2 - 51*s + 24. Calculate w(8).
0
Let t(v) = v**2 - 4*v + 7. Give t(5).
12
Let y(u) = u**2 + 2*u - 6. What is y(3)?
9
Let v(m) = -m**3 - 25*m**2 + m + 33. Calculate v(-25).
8
Let y(v) = -v + 15. Give y(9).
6
Let g(p) = p**3 + p**2 - 2*p + 4. Calculate g(-3).
-8
Let x(c) = -5*c**2 + 3*c + 3. Give x(-2).
-23
Let w(k) = 2*k**3 + 25*k**2 + 20*k + 71. What is w(-12)?
-25
Let t(y) = y**2 + 12*y + 2. Determine t(-6).
-34
Let q(u) = -8*u - 1. Determine q(0).
-1
Let s(x) = -x**3 + x**2 + 2*x - 1. Determine s(2).
-1
Let l(n) = 20*n**2 + 12*n - 3. Calculate l(1).
29
Let l(z) = 15*z + 83. Give l(-5).
8
Let l(u) = -14*u**3 - u**2 + 1. Calculate l(-1).
14
Let c(x) = 6*x**3 - x**2 + 3*x + 2. What is c(-2)?
-56
Let l(p) = 2*p**3 - 9*p**2 + 3*p + 1. What is l(4)?
-3
Let a(v) = -10*v - 24. Give a(6).
-84
Let c(f) = -f**3 - 2*f**2 - f - 26. Determine c(0).
-26
Let k(s) = 11*s + 71. Give k(-6).
5
Let g(f) = -f**3 - 4*f**2 + 30*f - 8. Calculate g(-8).
8
Let x(v) = -v**3 + 23*v**2 + 50*v - 17. Determine x(25).
-17
Let t(d) = -d**3 + 4*d**2 + 33*d - 1. Determine t(-4).
-5
Let n(t) = -t**2 - 8*t - 4. Give n(-5).
11
Let u(s) = s**3 + 17*s**2 - 19*s - 20. Determine u(-18).
-2
Let l(n) = 45*n**2 + n. What is l(-1)?
44
Let q(t) = t + 15. Determine q(0).
15
Let c(n) = -5*n**3 - 31*n**2 + 2*n + 33. What is c(-6)?
-15
Let v(o) = 4*o - 2. Determine v(4).
14
Let t(m) = -2*m**2 - 2*m + 5. Calculate t(-5).
-35
Let c(x) = 4*x + 5. Calculate c(2).
13
Let b(p) = 17*p**2 + 100*p - 4. What is b(-6)?
8
Let z(t) = 2*t - 13. What is z(8)?
3
Let m(z) = -z**2 + 16*z - 17. What is m(11)?
38
Let h(z) = -z**2 + 5*z + 10. Calculate h(5).
10
Let c(y) = 33*y + 1856. Give c(-56).
8
Let f(p) = 9*p**2 - 3*p - 2. Give f(-1).
10
Let p(j) = -j**2 - 2*j - 8. Give p(0).
-8
Let p(g) = -6*g - 15. Determine p(-2).
-3
Let k(y) = -y**2 - 8*y + 27. Give k(-10).
7
Let h(y) = y**2 - 16*y - 73. Calculate h(20).
7
Let p(h) = -h**2 - 11*h + 13. Calculate p(-11).
13
Let q(o) = -47*o - 142. Calculate q(-3).
-1
Let t(g) = -g - 30. Give t(0).
-30
Let r(q) = 4*q - 3. Give r(5).
17
Let z(f) = -16*f + 144. What is z(9)?
0
Let q(o) = -o**3 + 19*o**2 - 24*o + 102. Calculate q(18).
-6
Let i(y) = -2*y + 4. Determine i(7).
-10
Let j(r) = r**2 - 5*r + 9. Calculate j(5).
9
Let u(p) = p**2 + p + 27. Determine u(0).
27
Let y(a) = -a**2 + 6*a + 21. What is y(9)?
-6
Let x(p) = -p**3 + p**2 + 51. Calculate x(0).
51
Let r(t) = 8*t + 10. Give r(-2).
-6
Let n(l) = -17*l - 15. Determine n(-1).
2
Let u(y) = -7*y**3 - y**2 + 4*y - 3. Calculate u(1).
-7
Let k(u) = -3*u**2 + 6*u - 6. Determine k(2).
-6
Let s(r) = r**3 + 8*r**2 + 5*r + 14. Give s(-8).
-26
Let k(c) = -13*c**2 + c. What is k(1)?
-12
Let d(j) = -5*j + 5. What is d(-8)?
45
Let g(d) = d + 6. Determine g(-5).
1
Let r(p) = 2*p + 21. What is r(-4)?
13
Let x(t) = -t**2 + 7*t + 7. What is x(5)?
17
Let r(a) = -10*a - 7. Give r(-5).
43
Let z(v) = -v**2 - 5*v - 2. What is z(-4)?
2
Let h(g) = g**3 + 48*g**2 + 41. What is h(-48)?
41
Let v(g) = -21*g - 100. Give v(-5).
5
Let j(f) = 2*f**2 + 13*f - 9. Determine j(-7).
-2
Let b(l) = l**2 - 9*l + 4. What is b(8)?
-4
Let g(j) = 2*j - 15. Determine g(7).
-1
Let b(z) = z**3 - 2*z**2 - 5*z + 1. What is b(4)?
13
Let k(a) = 2*a**3 - 7*a**2 - 6*a + 14. What is k(4)?
6
Let q(v) = -9*v**2 + 2*v - 1. Calculate q(-2).
-41
Let d(u) = -u**2 + 4*u + 9. Determine d(7).
-12
Let j(o) = -o**2 - 11*o + 4. Calculate j(-9).
22
Let d(l) = -l**3 - 10*l**2 - 25*l + 5. Calculate d(-5).
5
Let n(r) = r**2 - 60*r + 747. Give n(18).
-9
Let w(l) = 26*l + 2. What is w(-2)?
-50
Let q(p) = -8*p**3 + p**2 + 2*p - 3. Give q(2).
-59
Let d(x) = -30*x - 170. Calculate d(-5).
-20
Let q(i) = i**3 + 6*i**2 + 14*i + 13. What is q(-3)?
-2
Let a(r) = 2*r - 41. Calculate a(23).
5
Let u(x) = -x**2 + 10*x - 6. Determine u(10).
-6
Let u(g) = -4*g - 21. Give u(-4).
-5
Let w(j) = -j + 39. Determine w(9).
30
Let a(y) = 2*y**3 - 4*y**2 + 2*y - 2. Give a(3).
22
Let t(q) = 5*q - 34. Determine t(7).
1
Let z(c) = 52*c - 585. Determine z(11).
-13
Let y(v) = -10*v**2 - 2*v + 2. Determine y(1).
-10
Let o(v) = v**3 + 2*v**2 - 4*v - 1. Give o(-5).
-56
Let d(j) = j**3 - 7*j**2 + 4*j + 10. Determine d(6).
-2
Let y(s) = s**2 - 18*s - 28. Determine y(21).
35
Let u(r) = -4*r**2 - r + 103. Give u(0).
103
Let z(h) = -2*h**3 + 6*h**2 + 5*h - 4. Determine z(5).
-79
Let y(s) = -s**3 + 16*s**2 + 15*s + 14. Determine y(17).
-20
Let p(f) = -6*f**3 - f**2 + f + 1. Give p(1).
-5
Let x(r) = -4*r - 14. Give x(-6).
10
Let z(a) = 3*a + 36. What is z(-10)?
6
Let j(o) = 3*o**2 - 6*o - 2. Calculate j(-5).
103
Let h(g) = -3*g**2 - 7*g. Calculate h(-5).
-40
Let q(p) = -7*p - 143. Give q(-22).
11
Let l(o) = -28*o**2 - 3*o - 2. Determine l(-1).
-27
Let u(k) = 17*k + 97. What is u(-6)?
-5
Let o(u) = 21*u - 54. Give o(3).
9
Let z(w) = w**3 - 5*w**2 + 6*w - 7. Calculate z(5).
23
Let z(v) = -v**2 + 18*v - 18. Give z(16).
14
Let x(k) = k**2 + 16*k + 41. Give x(-5).
-14
Let r(a) = -a**2 + 3*a - 1. Determine r(0).
-1
Let f(w) = -w**3 + 13*w**2 - 5. Give f(13).
-5
Let f(h) = h**3 + h**2 - h + 8. Calculate f(0).
8
Let t(a) = a**3 + 10*a**2 - 10*a + 6. What is t(-11)?
-5
Let d(r) = -2*r**2 + 12. Determine d(3).
-6
Let y(q) = 19*q + 132. Determine y(-7).
-1
Let b(h) = 103*h**2 - 2*h + 1. Give b(-1).
106
Let r(z) = 2*z - 1.